he greatest common divisor of 128 and t.
16
Suppose 3*q = -c + 8, 0 = -4*q + 2*q + 2*c - 8. Let n be (0 - 1)/(1/(-2)). Suppose 0 = -5*d + n + 3. Calculate the greatest common factor of q and d.
1
Suppose 0 = -4*q + 2*v + 46, 10*v - 5*v = -4*q + 39. Let z = q + 9. What is the highest common factor of z and 50?
10
Suppose c + 5*c = 156. What is the highest common factor of 39 and c?
13
Suppose -5*a + 30 = -0*i - 2*i, -2*a - i + 21 = 0. Let q = 25 + 15. What is the greatest common factor of q and a?
8
Suppose -2*l + 0*l - 10 = 0, 0 = 5*p - l + 25. Let t = p + 15. Suppose i - 10 = -1. Calculate the highest common divisor of t and i.
9
Suppose 0*j = -3*j + 240. Let w = 15 - 5. Calculate the highest common factor of w and j.
10
Let u = 36 + -52. Let k be ((-10)/8)/(1/u). Suppose -2*m + k = -0*m. Calculate the greatest common divisor of 90 and m.
10
Let y(c) = c**2 + 5*c + 14. Let u be y(-6). What is the highest common factor of 100 and u?
20
Suppose -5*d - 3 + 23 = 0. Suppose -158 - 346 = -d*v. Calculate the greatest common divisor of 18 and v.
18
Let g = 6 + -11. Let k be 1/(2 - 3)*g. Suppose 0 = -c + 3, -2*a + k*a - 4*c = 168. What is the highest common factor of 40 and a?
20
Suppose 6 = 5*g - 14. Suppose -2*q - 368 = -3*a - 0*q, -g*q - 106 = -a. What is the highest common divisor of 14 and a?
14
Suppose 5*z = -2*f - f + 252, -5*f - 220 = -5*z. Suppose -5*y + 3*y = -3*x - z, 2*y - 24 = -3*x. What is the highest common factor of y and 6?
6
Let h = 87 - 45. Suppose a = -a + h. Calculate the greatest common divisor of a and 7.
7
Suppose 6*n - n = 20. Suppose n*m = -m + 100. What is the highest common factor of 80 and m?
20
Suppose 0*z - z + 99 = 4*y, -4*y - 5*z = -95. Calculate the highest common factor of 75 and y.
25
Let u(c) = 9*c**2 + 16*c - 11. Let o(w) = -5*w**2 - 8*w + 6. Let l(n) = -7*o(n) - 4*u(n). Let h be l(-7). What is the greatest common factor of h and 9?
9
Let v(w) = -w**2 - 4*w + 3. Let j be v(-4). Let s = j - 2. Let a = 7 - -4. What is the greatest common factor of a and s?
1
Let s(d) be the first derivative of d**4/4 + 2*d**3/3 - 3*d**2/2 - 3*d + 9. Let b be s(3). Calculate the greatest common factor of 11 and b.
11
Let v(u) = u**3 + 7*u**2 + 6*u - 3. Let n be v(-6). Let k = n + 31. Calculate the highest common factor of 14 and k.
14
Let j = 9 + -1. What is the greatest common factor of 56 and j?
8
Let o(q) = -4*q**3 - 2*q**2 - 2*q**2 - 2 + 3*q**3. Let u be o(-4). Let m be 82/6 + u/(-6). Calculate the highest common divisor of 14 and m.
14
Let x(w) = -w**3 + 13*w**2 + 3*w - 4. Suppose 4*n = n + 39. Let v be x(n). What is the greatest common factor of v and 14?
7
Let x(t) = -8*t - 3. Suppose -2 + 12 = -5*m. Let i be x(m). What is the highest common factor of 143 and i?
13
Let t be (-2)/(-3) - (-1)/3. Let f(q) = -21*q - 1. Let a be f(t). Let d = -14 - a. What is the highest common divisor of 56 and d?
8
Suppose 6*d - 2*d = q + 78, -3*d + 2*q + 56 = 0. What is the highest common divisor of 10 and d?
10
Suppose -2*w - 2*z + 6 = 0, -16 = -5*w - 2*z + 2. Let f be 2/(-4) - 694/(-4). Suppose w*h = f + 7. What is the highest common divisor of 9 and h?
9
Let r be (5*10)/(22/77). Calculate the highest common factor of 35 and r.
35
Let u be (-2 + 1 - -2)/(2/6). What is the greatest common factor of 3 and u?
3
Let c = -24 + 34. What is the greatest common factor of c and 30?
10
Suppose 318 - 96 = 2*g + w, 0 = 3*g - w - 328. Calculate the greatest common divisor of g and 11.
11
Let g = 58 + -41. Suppose -3*l + 110 = 4*t, -t - 2 = -2*t. Calculate the highest common divisor of g and l.
17
Let v = 4 - -8. Suppose -10*q + 11*q + 4*r - 28 = 0, -4*q + 27 = -r. Calculate the greatest common factor of q and v.
4
Let w be 2 - (2 + -3 + -46). Suppose -167 = -3*o + w. Suppose -i = -2*x - 3, -21 = -6*i + 2*i + 5*x. Calculate the greatest common factor of i and o.
9
Let m(h) be the first derivative of -h**3/3 - h**2/2 - 2*h + 2. Let f be m(0). Let d be f/3*(-32 - -2). What is the highest common factor of 20 and d?
20
Suppose 3*b - 78 = -0*b. Suppose b = 4*l + o, 0 = l - 6*l - o + 33. What is the greatest common factor of 21 and l?
7
Suppose -3*h + 5*h = 16. Suppose h*o - 3*o = 55. What is the greatest common factor of 11 and o?
11
Let t(o) = o**3 + o**2 - o - 49. Let l be t(0). Let g = l - -69. What is the greatest common factor of 20 and g?
20
Suppose -4*j = -6*j + 176. What is the greatest common divisor of j and 22?
22
Let m be 15/(-2)*4/(-6). Suppose 3*s = m*x - 944, 0 = -3*x - x - 2*s + 742. Let n = -21 - -38. What is the greatest common divisor of n and x?
17
Let s(g) = g**2. Let i be s(0). Suppose 20 = 5*t, i*t - 5*t + 13 = -o. Calculate the greatest common divisor of 56 and o.
7
Let a(h) = -h**3 + 7*h**2 + 10*h + 9. Let c be a(8). Suppose -3*y + 4 + 11 = 0. Calculate the highest common divisor of y and c.
5
Let a(b) = 4*b**2 - 8*b + 13. Let k be a(4). Let q = -8 - -17. Calculate the greatest common factor of q and k.
9
Let q(y) = -45*y**3 + y**2 + 2*y + 1. Let a be q(-1). What is the greatest common factor of a and 18?
9
Let x = -34 + 46. Let b be (-453)/9 + 2/6. Let g be (-1 + b)*(-8)/x. Calculate the highest common factor of 51 and g.
17
Let b be 0 - -42 - 115/(-23). What is the greatest common factor of 517 and b?
47
Suppose -276 - 12 = -3*m. Calculate the greatest common divisor of m and 12.
12
Let v = 5 - -125. What is the highest common factor of 52 and v?
26
Suppose 130 = -5*q - 5*j, -3*q - 5*j = 49 + 33. Let i be 2*-12*q/9. Calculate the greatest common divisor of i and 16.
16
Let u(y) = 5*y**2 - 2*y. Let g be u(4). Let a = g + -42. Suppose 3*t = 21 + 24. Calculate the highest common divisor of t and a.
15
Let q(f) = -2*f. Let c be q(-3). Let v be (c + -4)*(-38)/(-4). What is the highest common divisor of 171 and v?
19
Let t = 42 - 18. What is the greatest common factor of 3 and t?
3
Suppose p = -1 + 4. Let k be 1/p + (-17)/(-3). Calculate the highest common factor of 2 and k.
2
Suppose -3*q + 6*q = 15. Suppose 2*c - 2 = -3*a, -q*c = -2*a - a + 16. Let g be c - ((-4)/(-2) + -8). What is the highest common factor of g and 1?
1
Suppose k - 5*k = 0. Suppose 0 = -4*z - 2*a + 222, k = -2*z - 0*z + a + 109. Calculate the greatest common divisor of z and 11.
11
Suppose -5*g + 76 + 24 = 0. Let j be ((-24)/15)/((-2)/5). Suppose b = j + 1. Calculate the greatest common factor of g and b.
5
Suppose 5*k - 12 = 28. Calculate the highest common divisor of 12 and k.
4
Let k = 3 - -1. Suppose 0 = -k*g + 235 + 53. Calculate the greatest common factor of 48 and g.
24
Suppose -3 = -0*m + 3*m. Let j = 4 + m. Let g(n) = -n**3 - 5*n**2 + 6*n + 6. Let v be g(-6). Calculate the highest common divisor of j and v.
3
Let s be (-86)/(-5) - (-26)/(-130). Calculate the greatest common divisor of 17 and s.
17
Let b be 2*(-4 - 36/(-8)). Calculate the highest common divisor of b and 5.
1
Let l = 8 + 3. Calculate the greatest common factor of l and 11.
11
Let v be (-12)/(-5)*(-780)/(-18). Calculate the greatest common divisor of 13 and v.
13
Suppose -p = -2*v - 42, 4*p - p - 4*v = 132. Suppose -t + p = t. Let r = -130 - -190. What is the highest common divisor of t and r?
12
Let w be 411 - 8*5/10. What is the highest common divisor of w and 37?
37
Suppose -5*v + 100 = -r + 5*r, -2*v + r + 53 = 0. What is the greatest common divisor of v and 12?
12
Suppose -4 = 2*w - 0. Let d be (0/(-2) - w) + -1. Let x be 1*(0 + (-1 - -2)). What is the highest common divisor of x and d?
1
Suppose l - 90 = -5. Suppose -b - 5*u + 19 = 0, -5 = -2*u + 1. Suppose a = -2*f + 30, b*f + a - 3*a = 76. What is the greatest common divisor of f and l?
17
Let i(v) = 34*v**2 - 2*v + 1. Let b be i(1). Let c be ((-1)/3)/((-1)/9). Calculate the greatest common divisor of c and b.
3
Suppose y + 3*y - 200 = 0. Suppose 0 = -4*m - f + 100, 0*m - 4*f - y = -2*m. What is the highest common divisor of 10 and m?
5
Let k(y) = -y**3 - 5*y - y**2 + 2*y**3 + 1 - 2. Let l be k(4). Calculate the highest common factor of l and 3.
3
Let s(d) be the third derivative of -d**4/12 - 2*d**3/3 - d**2. Let y be s(-6). Calculate the greatest common factor of 8 and y.
8
Let w = -5 + 9. Calculate the highest common divisor of 44 and w.
4
Suppose -5 + 1 = -2*a. Suppose -6*l = -a*l - 16. What is the highest common divisor of 1 and l